{"id":15,"date":"2019-09-02T14:58:45","date_gmt":"2019-09-02T14:58:45","guid":{"rendered":"https:\/\/themes.getmotopress.com\/booklium-villa\/accommodations\/"},"modified":"2026-03-09T14:56:35","modified_gmt":"2026-03-09T14:56:35","slug":"ambar-evleri","status":"publish","type":"page","link":"https:\/\/ambarevleri.com.tr\/?page_id=15","title":{"rendered":"Rezervasyon"},"content":{"rendered":"<div class=\"mphb_sc_rooms-wrapper mphb-room-types \">    <div class=\"loop-rooms-wrapper\">\r\n\t\r\n<div class=\"mphb-room-type post-1565 mphb_room_type type-mphb_room_type status-publish has-post-thumbnail mphb_room_type_facility-wi-fi mphb-room-type-adults-4 mphb-room-type-children-2\">\r\n\r\n\t\r\n    <div class=\"loop-room-wrapper\">\r\n\t\t            <div class=\"loop-room-images-wrapper\">\r\n\t\t\t\t\r\n\r\n\t<p class=\"post-thumbnail mphb-loop-room-thumbnail\">\r\n\t<a href=\"https:\/\/ambarevleri.com.tr\/?mphb_room_type=fistik-ev\">\r\n\t<img loading=\"lazy\" decoding=\"async\" width=\"892\" height=\"892\" src=\"https:\/\/ambarevleri.com.tr\/wp-content\/uploads\/2021\/08\/fistik-ev-892x892.jpg\" class=\"attachment-booklium-square size-booklium-square wp-post-image\" alt=\"\" srcset=\"https:\/\/ambarevleri.com.tr\/wp-content\/uploads\/2021\/08\/fistik-ev-892x892.jpg 892w, https:\/\/ambarevleri.com.tr\/wp-content\/uploads\/2021\/08\/fistik-ev-300x300.jpg 300w, https:\/\/ambarevleri.com.tr\/wp-content\/uploads\/2021\/08\/fistik-ev-150x150.jpg 150w, https:\/\/ambarevleri.com.tr\/wp-content\/uploads\/2021\/08\/fistik-ev-768x768.jpg 768w, https:\/\/ambarevleri.com.tr\/wp-content\/uploads\/2021\/08\/fistik-ev-600x600.jpg 600w, https:\/\/ambarevleri.com.tr\/wp-content\/uploads\/2021\/08\/fistik-ev-100x100.jpg 100w, https:\/\/ambarevleri.com.tr\/wp-content\/uploads\/2021\/08\/fistik-ev.jpg 915w\" sizes=\"auto, (max-width: 892px) 100vw, 892px\" \/>\t<\/a>\r\n\r\n\t<\/p>\r\n            <\/div>\r\n\t\t\t            <div class=\"loop-room-info-wrapper\">\r\n\t\t\t\t\r\n<h2 class=\"mphb-room-type-title entry-title\">\r\n\r\n<a class=\"mphb-room-type-title\" href=\"https:\/\/ambarevleri.com.tr\/?mphb_room_type=fistik-ev\">F\u0131st\u0131k Ev<\/a>\r\n\r\n<\/h2>    <ul class=\"loop-room-short-attributes\">\r\n\t\r\n\r\n\r\n\r\n\r\n\t<li class=\"mphb-room-type-size\"><span class=\"mphb-attribute-title mphb-size-title\">Boyut:<\/span><span class=\"mphb-attribute-value\">\r\n\t80m\u00b2\r\n\t<\/span><\/li>\r\n    <\/ul>\r\n\t\r\n\r\n<p>Getwid Benzeri Slick Slider Genel \u00d6zellikler: Antik Likya Uygarl\u0131\u011f\u0131&#8217;n\u0131n e\u015fsiz tarihi dokusunu ve Ka\u015f da\u011f k\u00f6ylerinin b\u00fcy\u00fcleyici do\u011fas\u0131n\u0131 ke\u015ffedebilece\u011finiz bir konuma sahip F\u0131st\u0131k Ev, Sar\u0131belen Sahil yolu \u00fczerinde kolayca eri\u015febilece\u011finiz bir noktada. Sessiz ve huzurlu bir vadide konaklama imkan\u0131 sunan F\u0131st\u0131k Ev&#8217;den Dalaman ve Antalya Havaalan\u0131nlar\u0131ndan kolay transfer imkanlar\u0131na sahipsiniz. Kalkan&#8217;a ula\u015f\u0131m yaln\u0131zca 10-15 dakika. [&hellip;]<\/p>\n\r\n\r\n<ul class=\"mphb-loop-room-type-attributes\">\r\n    <li class=\"mphb-room-type-total-capacity\"><span class=\"mphb-attribute-title mphb-total-capacity-title\">Misafirler:<\/span><span class=\"mphb-attribute-value\">\r\n    6\r\n    <\/span><\/li>\r\n\r\n\r\n\t<li class=\"mphb-room-type-view\"><span class=\"mphb-attribute-title mphb-view-title\">G\u00f6r\u00fcnt\u00fcle:<\/span><span class=\"mphb-attribute-value\">\r\n\t\u00d6zel Y\u00fczme Havuzu, Veranda da BBQ, Geni\u015f Bah\u00e7e alan\u0131, F\u0131st\u0131k Eve \u00f6zel Sebze Bah\u00e7esi, Meyve a\u011fa\u00e7lar\u0131.\r\n\t<\/span><\/li>\r\n\r\n\r\n\t<li class=\"mphb-room-type-bed-type\"><span  class=\"mphb-attribute-title mphb-bed-type-title\">Yatak Tipi:<\/span><span class=\"mphb-attribute-value\">\r\n\t4 ki\u015fi kapasite, salondaki divanlarla maximum 6 ki\u015fi\r\n\t<\/span><\/li>\r\n\r\n\r\n\r\n\t<li class=\"mphb-room-type-facilities\"><span class=\"mphb-attribute-title mphb-facilities-title\">Amenities:<\/span><span class=\"mphb-attribute-value\"> <span class=\"facility-wi-fi\"><a href=\"https:\/\/ambarevleri.com.tr\/?mphb_room_type_facility=wi-fi\">Wi-Fi<\/a><\/span><\/span><\/li>\r\n\r\n<\/ul>            <\/div>\r\n\t\t            <div class=\"loop-room-book-wrapper\">\r\n\t\t\t\t\r\n\r\n\t<p class=\"mphb-regular-price\"><strong>\u00dccretten itibaren:<\/strong>\r\n\t<span class=\"mphb-price\">60,000<span class=\"mphb-currency\">&#8378;<\/span><\/span> <span class=\"mphb-price-period\" title=\"\u0130lgili fiyatlar\u0131 g\u00f6rmek i\u00e7in tarih se\u00e7iniz\">5 gece<\/span>\r\n\t<\/p>\r\n\r\n<div class=\"mphb-to-book-btn-wrapper\">\r\n<form action=\"https:\/\/ambarevleri.com.tr\/?mphb_room_type=fistik-ev#booking-form-1565\" method=\"get\" ><input type=\"hidden\" name=\"mphb_room_type\" value=\"fistik-ev\" \/><button type=\"submit\" class=\"button mphb-book-button\" >Rezerve Edin<\/button><\/form>\r\n<br\/><\/div>\r\n<p class=\"mphb-view-details-button-wrapper\">\r\n<a class=\"button mphb-view-details-button\" href=\"https:\/\/ambarevleri.com.tr\/?mphb_room_type=fistik-ev\" >Detaylar\u0131 G\u00f6r\u00fcnt\u00fcleyin<\/a>\r\n<\/p>            <\/div>\r\n\t\t\r\n    <\/div>\r\n\t\r\n<\/div>\r\n\r\n\r\n<div class=\"mphb-room-type post-1461 mphb_room_type type-mphb_room_type status-publish has-post-thumbnail mphb_room_type_facility-wi-fi mphb-room-type-adults-4 mphb-room-type-children-2\">\r\n\r\n\t\r\n    <div class=\"loop-room-wrapper\">\r\n\t\t            <div class=\"loop-room-images-wrapper\">\r\n\t\t\t\t\r\n\r\n\t<p class=\"post-thumbnail mphb-loop-room-thumbnail\">\r\n\t<a href=\"https:\/\/ambarevleri.com.tr\/?mphb_room_type=badem-ev\">\r\n\t<img loading=\"lazy\" decoding=\"async\" width=\"892\" height=\"892\" src=\"https:\/\/ambarevleri.com.tr\/wp-content\/uploads\/2021\/08\/badem-ev-892x892.jpg\" class=\"attachment-booklium-square size-booklium-square wp-post-image\" alt=\"\" srcset=\"https:\/\/ambarevleri.com.tr\/wp-content\/uploads\/2021\/08\/badem-ev-892x892.jpg 892w, https:\/\/ambarevleri.com.tr\/wp-content\/uploads\/2021\/08\/badem-ev-300x300.jpg 300w, https:\/\/ambarevleri.com.tr\/wp-content\/uploads\/2021\/08\/badem-ev-1024x1024.jpg 1024w, https:\/\/ambarevleri.com.tr\/wp-content\/uploads\/2021\/08\/badem-ev-150x150.jpg 150w, https:\/\/ambarevleri.com.tr\/wp-content\/uploads\/2021\/08\/badem-ev-768x768.jpg 768w, https:\/\/ambarevleri.com.tr\/wp-content\/uploads\/2021\/08\/badem-ev-600x600.jpg 600w, https:\/\/ambarevleri.com.tr\/wp-content\/uploads\/2021\/08\/badem-ev-100x100.jpg 100w, https:\/\/ambarevleri.com.tr\/wp-content\/uploads\/2021\/08\/badem-ev.jpg 1100w\" sizes=\"auto, (max-width: 892px) 100vw, 892px\" \/>\t<\/a>\r\n\r\n\t<\/p>\r\n            <\/div>\r\n\t\t\t            <div class=\"loop-room-info-wrapper\">\r\n\t\t\t\t\r\n<h2 class=\"mphb-room-type-title entry-title\">\r\n\r\n<a class=\"mphb-room-type-title\" href=\"https:\/\/ambarevleri.com.tr\/?mphb_room_type=badem-ev\">Badem Ev<\/a>\r\n\r\n<\/h2>    <ul class=\"loop-room-short-attributes\">\r\n\t\r\n\r\n\r\n\r\n\r\n\t<li class=\"mphb-room-type-size\"><span class=\"mphb-attribute-title mphb-size-title\">Boyut:<\/span><span class=\"mphb-attribute-value\">\r\n\t75m\u00b2\r\n\t<\/span><\/li>\r\n    <\/ul>\r\n\t\r\n\r\n<p>Do\u011fayla b\u00fct\u00fcn ve ekolojik bir ya\u015fam deneyimini do\u011faya sayg\u0131 anlay\u0131\u015f\u0131 ile sunan &#8220;Badem Ev&#8221;, s\u00fcrd\u00fcr\u00fclebilir enerji ve do\u011fal su kaynaklar\u0131 kullan\u0131yor. Ekosistem d\u00f6ng\u00fc anlay\u0131\u015f\u0131, biyolojik ar\u0131tma ve gri su sistemi le \u00e7evreye sayg\u0131l\u0131. Do\u011faya ve insan sa\u011fl\u0131\u011f\u0131na zarar vermeyen s\u00fcrd\u00fcr\u00fclebilir tar\u0131m y\u00f6ntemleriyle yeti\u015fmi\u015f a\u011fa\u00e7lar\u0131n\u0131z\u0131n dal\u0131ndan meyven\u0131z\u0131 koparabilir, bah\u00e7enizden sebzenizi  toplayabilir,  yan\u0131ba\u015f\u0131n\u0131zdaki \u00e7obandan taze s\u00fct\u00fcn\u00fcz\u00fc ve peynirinizi  alabilir, organik beslenmenin keyfini en do\u011fal haliyle s\u00fcrebilirsiniz.<\/p>\n\r\n\r\n<ul class=\"mphb-loop-room-type-attributes\">\r\n    <li class=\"mphb-room-type-total-capacity\"><span class=\"mphb-attribute-title mphb-total-capacity-title\">Misafirler:<\/span><span class=\"mphb-attribute-value\">\r\n    6\r\n    <\/span><\/li>\r\n\r\n\r\n\t<li class=\"mphb-room-type-view\"><span class=\"mphb-attribute-title mphb-view-title\">G\u00f6r\u00fcnt\u00fcle:<\/span><span class=\"mphb-attribute-value\">\r\n\t\u00d6zel Y\u00fczme Havuzu, Bah\u00e7ede \u00d6zel Jakuzi, Veranda da BBQ, Geni\u015f Bah\u00e7e Alan\u0131, Sebze Bah\u00e7esi ve kullanabilece\u011finiz Meyve a\u011fa\u00e7lar\u0131\r\n\t<\/span><\/li>\r\n\r\n\r\n\t<li class=\"mphb-room-type-bed-type\"><span  class=\"mphb-attribute-title mphb-bed-type-title\">Yatak Tipi:<\/span><span class=\"mphb-attribute-value\">\r\n\t4 Ki\u015fi KapasiteSalondaki divanlarla maximum 6 Ki\u015fi kapasiteli\r\n\t<\/span><\/li>\r\n\r\n\r\n\r\n\t<li class=\"mphb-room-type-facilities\"><span class=\"mphb-attribute-title mphb-facilities-title\">Amenities:<\/span><span class=\"mphb-attribute-value\"> <span class=\"facility-wi-fi\"><a href=\"https:\/\/ambarevleri.com.tr\/?mphb_room_type_facility=wi-fi\">Wi-Fi<\/a><\/span><\/span><\/li>\r\n\r\n<\/ul>            <\/div>\r\n\t\t            <div class=\"loop-room-book-wrapper\">\r\n\t\t\t\t\r\n\r\n\t<p class=\"mphb-regular-price\"><strong>\u00dccretten itibaren:<\/strong>\r\n\t<span class=\"mphb-price\">60,000<span class=\"mphb-currency\">&#8378;<\/span><\/span> <span class=\"mphb-price-period\" title=\"\u0130lgili fiyatlar\u0131 g\u00f6rmek i\u00e7in tarih se\u00e7iniz\">5 gece<\/span>\r\n\t<\/p>\r\n\r\n<div class=\"mphb-to-book-btn-wrapper\">\r\n<form action=\"https:\/\/ambarevleri.com.tr\/?mphb_room_type=badem-ev#booking-form-1461\" method=\"get\" ><input type=\"hidden\" name=\"mphb_room_type\" value=\"badem-ev\" \/><button type=\"submit\" class=\"button mphb-book-button\" >Rezerve Edin<\/button><\/form>\r\n<br\/><\/div>\r\n<p class=\"mphb-view-details-button-wrapper\">\r\n<a class=\"button mphb-view-details-button\" href=\"https:\/\/ambarevleri.com.tr\/?mphb_room_type=badem-ev\" >Detaylar\u0131 G\u00f6r\u00fcnt\u00fcleyin<\/a>\r\n<\/p>            <\/div>\r\n\t\t\r\n    <\/div>\r\n\t\r\n<\/div>\r\n\r\n\r\n<div class=\"mphb-room-type post-24 mphb_room_type type-mphb_room_type status-publish has-post-thumbnail mphb_room_type_facility-wi-fi mphb-room-type-adults-2 mphb-room-type-children-2\">\r\n\r\n\t\r\n    <div class=\"loop-room-wrapper\">\r\n\t\t            <div class=\"loop-room-images-wrapper\">\r\n\t\t\t\t\r\n\r\n\t<p class=\"post-thumbnail mphb-loop-room-thumbnail\">\r\n\t<a href=\"https:\/\/ambarevleri.com.tr\/?mphb_room_type=ceviz-ev\">\r\n\t<img loading=\"lazy\" decoding=\"async\" width=\"892\" height=\"892\" src=\"https:\/\/ambarevleri.com.tr\/wp-content\/uploads\/2021\/08\/ceviz-ev-892x892.jpg\" class=\"attachment-booklium-square size-booklium-square wp-post-image\" alt=\"\" srcset=\"https:\/\/ambarevleri.com.tr\/wp-content\/uploads\/2021\/08\/ceviz-ev-892x892.jpg 892w, https:\/\/ambarevleri.com.tr\/wp-content\/uploads\/2021\/08\/ceviz-ev-300x300.jpg 300w, https:\/\/ambarevleri.com.tr\/wp-content\/uploads\/2021\/08\/ceviz-ev-1024x1024.jpg 1024w, https:\/\/ambarevleri.com.tr\/wp-content\/uploads\/2021\/08\/ceviz-ev-150x150.jpg 150w, https:\/\/ambarevleri.com.tr\/wp-content\/uploads\/2021\/08\/ceviz-ev-768x768.jpg 768w, https:\/\/ambarevleri.com.tr\/wp-content\/uploads\/2021\/08\/ceviz-ev-600x600.jpg 600w, https:\/\/ambarevleri.com.tr\/wp-content\/uploads\/2021\/08\/ceviz-ev-100x100.jpg 100w, https:\/\/ambarevleri.com.tr\/wp-content\/uploads\/2021\/08\/ceviz-ev.jpg 1100w\" sizes=\"auto, (max-width: 892px) 100vw, 892px\" \/>\t<\/a>\r\n\r\n\t<\/p>\r\n            <\/div>\r\n\t\t\t            <div class=\"loop-room-info-wrapper\">\r\n\t\t\t\t\r\n<h2 class=\"mphb-room-type-title entry-title\">\r\n\r\n<a class=\"mphb-room-type-title\" href=\"https:\/\/ambarevleri.com.tr\/?mphb_room_type=ceviz-ev\">Ceviz Ev<\/a>\r\n\r\n<\/h2>    <ul class=\"loop-room-short-attributes\">\r\n\t\r\n\r\n\r\n\r\n\r\n\t<li class=\"mphb-room-type-size\"><span class=\"mphb-attribute-title mphb-size-title\">Boyut:<\/span><span class=\"mphb-attribute-value\">\r\n\t50m\u00b2\r\n\t<\/span><\/li>\r\n    <\/ul>\r\n\t\r\n\r\n<p>Antik Likya Uygarl\u0131\u011f\u0131&#8217;n\u0131n e\u015fsiz tarihi dokusunu ve Ka\u015f da\u011f k\u00f6ylerinin b\u00fcy\u00fcleyici do\u011fas\u0131n\u0131 ke\u015ffedebilece\u011finiz bir konuma sahip Ceviz Ev, Sar\u0131belen Sahil yolu \u00fczerinde kolayca eri\u015febilece\u011finiz bir noktada. Ceviz Ev, \u00f6zledi\u011finiz huzurlu, sakin ve do\u011fal bir tatil i\u00e7in sizi bekliyor.<\/p>\n\r\n\r\n<ul class=\"mphb-loop-room-type-attributes\">\r\n    <li class=\"mphb-room-type-total-capacity\"><span class=\"mphb-attribute-title mphb-total-capacity-title\">Misafirler:<\/span><span class=\"mphb-attribute-value\">\r\n    4\r\n    <\/span><\/li>\r\n\r\n\r\n\t<li class=\"mphb-room-type-view\"><span class=\"mphb-attribute-title mphb-view-title\">G\u00f6r\u00fcnt\u00fcle:<\/span><span class=\"mphb-attribute-value\">\r\n\t\u00d6zel Y\u00fczme Havuzu, \u00d6zel Jakuzi, Veranda da BBQ, Geni\u015f Bah\u00e7e alan\u0131, Ceviz Eve \u00f6zel Sebze Bah\u00e7esi, Meyve a\u011fa\u00e7lar\u0131.\r\n\t<\/span><\/li>\r\n\r\n\r\n\t<li class=\"mphb-room-type-bed-type\"><span  class=\"mphb-attribute-title mphb-bed-type-title\">Yatak Tipi:<\/span><span class=\"mphb-attribute-value\">\r\n\t2 Ki\u015fi Kapasite Salondaki divanlarla maximum 4 ki\u015fi Kapasiteli\r\n\t<\/span><\/li>\r\n\r\n\r\n\r\n\t<li class=\"mphb-room-type-facilities\"><span class=\"mphb-attribute-title mphb-facilities-title\">Amenities:<\/span><span class=\"mphb-attribute-value\"> <span class=\"facility-wi-fi\"><a href=\"https:\/\/ambarevleri.com.tr\/?mphb_room_type_facility=wi-fi\">Wi-Fi<\/a><\/span><\/span><\/li>\r\n\r\n<\/ul>            <\/div>\r\n\t\t            <div class=\"loop-room-book-wrapper\">\r\n\t\t\t\t\r\n\r\n\t<p class=\"mphb-regular-price\"><strong>\u00dccretten itibaren:<\/strong>\r\n\t<span class=\"mphb-price\">50,000<span class=\"mphb-currency\">&#8378;<\/span><\/span> <span class=\"mphb-price-period\" title=\"\u0130lgili fiyatlar\u0131 g\u00f6rmek i\u00e7in tarih se\u00e7iniz\">5 gece<\/span>\r\n\t<\/p>\r\n\r\n<div class=\"mphb-to-book-btn-wrapper\">\r\n<form action=\"https:\/\/ambarevleri.com.tr\/?mphb_room_type=ceviz-ev#booking-form-24\" method=\"get\" ><input type=\"hidden\" name=\"mphb_room_type\" value=\"ceviz-ev\" \/><button type=\"submit\" class=\"button mphb-book-button\" >Rezerve Edin<\/button><\/form>\r\n<br\/><\/div>\r\n<p class=\"mphb-view-details-button-wrapper\">\r\n<a class=\"button mphb-view-details-button\" href=\"https:\/\/ambarevleri.com.tr\/?mphb_room_type=ceviz-ev\" >Detaylar\u0131 G\u00f6r\u00fcnt\u00fcleyin<\/a>\r\n<\/p>            <\/div>\r\n\t\t\r\n    <\/div>\r\n\t\r\n<\/div>\r\n\r\n    <\/div>\r\n\t<\/div>\n","protected":false},"excerpt":{"rendered":"","protected":false},"author":1,"featured_media":0,"parent":0,"menu_order":0,"comment_status":"closed","ping_status":"closed","template":"","meta":{"om_disable_all_campaigns":false,"inline_featured_image":false,"_monsterinsights_skip_tracking":false,"_monsterinsights_sitenote_active":false,"_monsterinsights_sitenote_note":"","_monsterinsights_sitenote_category":0,"spay_email":"","footnotes":""},"class_list":["post-15","page","type-page","status-publish","hentry"],"aioseo_notices":[],"_links":{"self":[{"href":"https:\/\/ambarevleri.com.tr\/index.php?rest_route=\/wp\/v2\/pages\/15","targetHints":{"allow":["GET"]}}],"collection":[{"href":"https:\/\/ambarevleri.com.tr\/index.php?rest_route=\/wp\/v2\/pages"}],"about":[{"href":"https:\/\/ambarevleri.com.tr\/index.php?rest_route=\/wp\/v2\/types\/page"}],"author":[{"embeddable":true,"href":"https:\/\/ambarevleri.com.tr\/index.php?rest_route=\/wp\/v2\/users\/1"}],"replies":[{"embeddable":true,"href":"https:\/\/ambarevleri.com.tr\/index.php?rest_route=%2Fwp%2Fv2%2Fcomments&post=15"}],"version-history":[{"count":9,"href":"https:\/\/ambarevleri.com.tr\/index.php?rest_route=\/wp\/v2\/pages\/15\/revisions"}],"predecessor-version":[{"id":7796,"href":"https:\/\/ambarevleri.com.tr\/index.php?rest_route=\/wp\/v2\/pages\/15\/revisions\/7796"}],"wp:attachment":[{"href":"https:\/\/ambarevleri.com.tr\/index.php?rest_route=%2Fwp%2Fv2%2Fmedia&parent=15"}],"curies":[{"name":"wp","href":"https:\/\/api.w.org\/{rel}","templated":true}]}}