{"id":274,"date":"2019-08-20T11:29:12","date_gmt":"2019-08-20T11:29:12","guid":{"rendered":"https:\/\/themes.getmotopress.com\/booklium-default\/?page_id=238"},"modified":"2023-07-19T15:56:39","modified_gmt":"2023-07-19T15:56:39","slug":"about-us","status":"publish","type":"page","link":"https:\/\/ambarevleri.com.tr\/?page_id=274","title":{"rendered":"Hakk\u0131m\u0131zda"},"content":{"rendered":"\n<div class=\"wp-block-columns has-3-columns is-layout-flex wp-container-core-columns-is-layout-9d6595d7 wp-block-columns-is-layout-flex\">\n<div class=\"wp-block-column is-layout-flow wp-block-column-is-layout-flow\">\n<figure class=\"wp-block-image size-large\"><a href=\"http:\/\/ambarevleri.com.tr\/wp-content\/uploads\/2021\/08\/IMG_4055-large.jpg\"><img loading=\"lazy\" decoding=\"async\" width=\"1024\" height=\"768\" src=\"http:\/\/ambarevleri.com.tr\/wp-content\/uploads\/2021\/08\/IMG_4055-large-1024x768.jpg\" alt=\"\" class=\"wp-image-1632\" srcset=\"https:\/\/ambarevleri.com.tr\/wp-content\/uploads\/2021\/08\/IMG_4055-large-1024x768.jpg 1024w, https:\/\/ambarevleri.com.tr\/wp-content\/uploads\/2021\/08\/IMG_4055-large-300x225.jpg 300w, https:\/\/ambarevleri.com.tr\/wp-content\/uploads\/2021\/08\/IMG_4055-large-768x576.jpg 768w, https:\/\/ambarevleri.com.tr\/wp-content\/uploads\/2021\/08\/IMG_4055-large-1536x1152.jpg 1536w, https:\/\/ambarevleri.com.tr\/wp-content\/uploads\/2021\/08\/IMG_4055-large-892x669.jpg 892w, https:\/\/ambarevleri.com.tr\/wp-content\/uploads\/2021\/08\/IMG_4055-large-1350x1013.jpg 1350w, https:\/\/ambarevleri.com.tr\/wp-content\/uploads\/2021\/08\/IMG_4055-large-600x450.jpg 600w, https:\/\/ambarevleri.com.tr\/wp-content\/uploads\/2021\/08\/IMG_4055-large.jpg 1662w\" sizes=\"auto, (max-width: 1024px) 100vw, 1024px\" \/><\/a><\/figure>\n<\/div>\n\n\n\n<div class=\"wp-block-column is-layout-flow wp-block-column-is-layout-flow\">\n<p>B\u00f6lgenin do\u011fal, tarihi ve k\u00fclt\u00fcrel de\u011ferleri g\u00f6z \u00f6n\u00fcne al\u0131narak tasarlanan mimari projenin ana ilham kayna\u011f\u0131, K\u00fclt\u00fcr ve Turizm Bakanl\u0131\u011f\u0131 taraf\u0131ndan koruma alt\u0131na al\u0131nm\u0131\u015f olan 350 y\u0131ll\u0131k tarihe sahip geleneksel &#8220;Ambar&#8221; yap\u0131lar\u0131. Likya uygarl\u0131\u011f\u0131n\u0131n izlerini ta\u015f\u0131yan &#8220;Ambar&#8221; lar\u0131n yap\u0131sal \u00f6l\u00e7\u00fc ve oranlar\u0131n\u0131 \u00e7a\u011fda\u015f bir yorumla sunan &#8220;Ambar Evleri&#8221; do\u011faya sayg\u0131l\u0131 malzemeler kullan\u0131larak in\u015fa edildi.&nbsp;&nbsp;<\/p>\n\n\n\n<p>\u00c7evrede bulunan 100 y\u0131ll\u0131k eski k\u00f6y evlerinden \u00e7\u0131kar\u0131lan ah\u015fap elemanlar kullan\u0131ld\u0131. Do\u011fal yap\u0131y\u0131 bozmayan minik patikalarla ula\u015fabildi\u011finiz her bir birim, deniz manzaras\u0131n\u0131 kucaklayan geni\u015f cam y\u00fczeyleri ile arazinin do\u011fal yap\u0131s\u0131na uygun olarak konumland\u0131r\u0131ld\u0131. Do\u011fan\u0131n g\u00fcnl\u00fck ritmini her an, her perspektiften ya\u015fayabilmenizi m\u00fcmk\u00fcn k\u0131lan yal\u0131n ve huzurlu bir ortam.<\/p>\n<\/div>\n<\/div>\n\n\n\n<div class=\"wp-block-getwid-advanced-heading\" style=\"margin-bottom:45px\"><span class=\"wp-block-getwid-advanced-heading__content\" style=\"text-align:left\">&#8220;Ambar Evleri&#8221; size ihtiyac\u0131n\u0131z olan her t\u00fcrl\u00fc \u00e7a\u011fda\u015f konfor olanaklar\u0131 ile hizmet veriyor. Eviniz i\u00e7in gerekli t\u00fcm e\u015fya ve ev aletleri mevcut. \u0130nternetiniz, telefonunuz ve \u00e7ok ihtiya\u00e7 olmasa da televizyonunuz hizmetinizde.\u00a0 So\u011futman\u0131z do\u011fal iklim serinli\u011fi, \u0131s\u0131nmak i\u00e7inse yerden \u0131s\u0131tma sistemi\u00a0 ile kuzine ve ocakl\u0131\u011f\u0131 kullanabiliyorsunuz.\u00a0<br>Do\u011fal kaynak suyu kullan\u0131lan  havuzunuz ve Jakuzi ise tamamen size \u00f6zel. Buzdolab\u0131, f\u0131r\u0131n, ocak, bula\u015f\u0131k makinas\u0131 ve her t\u00fcrl\u00fc mutfak ekipman\u0131 ile tamamlanm\u0131\u015f mutfa\u011f\u0131n\u0131zda\u00a0 bah\u00e7enizden toplayabilece\u011finiz ve k\u00f6y halk\u0131ndan temin edebilece\u011finiz y\u00f6resel, taze \u00fcr\u00fcnlerle keyfinizce yemekler yapabilir, ayn\u0131 zamanda verandada bulunan k\u00f6y ocakl\u0131\u011f\u0131nda odun ate\u015fi keyfiyle unutamayaca\u011f\u0131n\u0131z lezzetler haz\u0131rlayabilirsiniz.<\/span><\/div>\n\n\n\n<div class=\"wp-block-columns has-3-columns is-layout-flex wp-container-core-columns-is-layout-9d6595d7 wp-block-columns-is-layout-flex\">\n<div class=\"wp-block-column is-layout-flow wp-block-column-is-layout-flow\">\n<div class=\"wp-block-getwid-section is-style-with-big-shadow is-style-fit-parent\"><div class=\"wp-block-getwid-section__wrapper getwid-padding-top-medium getwid-padding-bottom-medium getwid-padding-left-medium getwid-padding-right-medium getwid-align-items-flex-start\"><div class=\"wp-block-getwid-section__inner-wrapper\"><div class=\"wp-block-getwid-section__background-holder\"><div class=\"wp-block-getwid-section__background has-background has-white-background-color\"><\/div><div class=\"wp-block-getwid-section__foreground\"><\/div><\/div><div class=\"wp-block-getwid-section__content\"><div class=\"wp-block-getwid-section__inner-content\">\n<p>&#8220;Ambar Evleri&#8221;, &nbsp;I\u015f\u0131k \u00dclkesi Likya&#8217;n\u0131n b\u00fcy\u00fcleyici do\u011fas\u0131 ve e\u015fsiz tarihi dokusu e\u015fli\u011finde, huzur dolu ger\u00e7ek bir alternatif tatil \u00f6nerisi. Kalkan-Sar\u0131belen-Ka\u015f sahil yolu \u00fczerinde yer alan &#8220;Ambar Evleri&#8221; muhte\u015fem deniz ve da\u011f manzaras\u0131, temiz havas\u0131 ve zengin floras\u0131 ile kent ya\u015fam\u0131n\u0131n stresli yo\u011funlu\u011fundan, kalabal\u0131klardan, trafikten&nbsp; uzak, k\u00f6ye d\u00f6n\u00fc\u015f tad\u0131nda huzurlu bir tatil i\u00e7in arad\u0131\u011f\u0131n\u0131z ideal ortam\u0131 sunuyor.<\/p>\n\n\n\n<p>S\u00fcrd\u00fcr\u00fclebilir mimari anlay\u0131\u015f\u0131 ile tasarlanm\u0131\u015f, b\u00fct\u00fcn\u00fcyle y\u00f6resel ve do\u011fal malzemelerin kullan\u0131ld\u0131\u011f\u0131, her t\u00fcrl\u00fc \u00e7a\u011fda\u015f konfora ve \u00f6zel havuza sahip ta\u015f ve ah\u015fap da\u011f evleri, Kaputa\u015f Vadisi \u00fczerinden muhte\u015fem bir deniz manzaras\u0131 ile kucakl\u0131yor misafirlerini. Kendinizi, denizden 800m y\u00fcksekte, huzur dolu bir do\u011fa ile sarmalanm\u0131\u015f, masmavi bir g\u00f6ky\u00fcz\u00fcn\u00fcn alt\u0131nda&nbsp; Akdeniz meltemlerinin f\u0131s\u0131lt\u0131lar\u0131n\u0131 dinlerken bulacaks\u0131n\u0131z. &#8220;Ambar Evleri&#8221; size deniz, kum ve g\u00fcne\u015f odakl\u0131, herkesin uygulad\u0131\u011f\u0131 kurallar g\u00f6lgesinde ya\u015fanan tatil konseptinin d\u0131\u015f\u0131nda, sundu\u011fu alternatif bir tatil ve ya\u015fam bi\u00e7imi ile \u00f6ne \u00e7\u0131k\u0131yor. Arad\u0131\u011f\u0131n\u0131z huzurlu, sakin ve ekolojik&nbsp; \u00f6zel deneyimi,&nbsp; do\u011fan\u0131n size sundu\u011fu ritim e\u015fli\u011finde, kalabal\u0131klar\u0131n gitti\u011fi yerlerden uzak&nbsp; bu \u00e7ok \u00f6zel&nbsp; mekanda ya\u015fayabilirsiniz.<\/p>\n\n\n\n<figure class=\"wp-block-image size-large\"><img loading=\"lazy\" decoding=\"async\" width=\"1024\" height=\"768\" src=\"http:\/\/ambarevleri.com.tr\/wp-content\/uploads\/2021\/08\/fistik-e-075-1024x768.jpg\" alt=\"\" class=\"wp-image-1593\" srcset=\"https:\/\/ambarevleri.com.tr\/wp-content\/uploads\/2021\/08\/fistik-e-075-1024x768.jpg 1024w, https:\/\/ambarevleri.com.tr\/wp-content\/uploads\/2021\/08\/fistik-e-075-300x225.jpg 300w, https:\/\/ambarevleri.com.tr\/wp-content\/uploads\/2021\/08\/fistik-e-075-768x576.jpg 768w, https:\/\/ambarevleri.com.tr\/wp-content\/uploads\/2021\/08\/fistik-e-075-892x669.jpg 892w, https:\/\/ambarevleri.com.tr\/wp-content\/uploads\/2021\/08\/fistik-e-075-600x450.jpg 600w, https:\/\/ambarevleri.com.tr\/wp-content\/uploads\/2021\/08\/fistik-e-075.jpg 1100w\" sizes=\"auto, (max-width: 1024px) 100vw, 1024px\" \/><\/figure>\n\n\n\n<p>B\u00f6lgenin do\u011fal, tarihi ve k\u00fclt\u00fcrel de\u011ferleri g\u00f6z \u00f6n\u00fcne al\u0131narak tasarlanan mimari projenin ana ilham kayna\u011f\u0131, K\u00fclt\u00fcr ve Turizm Bakanl\u0131\u011f\u0131 taraf\u0131ndan koruma alt\u0131na al\u0131nm\u0131\u015f olan 350 y\u0131ll\u0131k tarihe sahip geleneksel &#8220;Ambar&#8221; yap\u0131lar\u0131. Likya uygarl\u0131\u011f\u0131n\u0131n izlerini ta\u015f\u0131yan &#8220;Ambar&#8221; lar\u0131n yap\u0131sal \u00f6l\u00e7\u00fc ve oranlar\u0131n\u0131 \u00e7a\u011fda\u015f bir yorumla sunan &#8220;Ambar Evleri&#8221; do\u011faya sayg\u0131l\u0131 malzemeler kullan\u0131larak in\u015faa edildi.&nbsp; \u00c7evrede bulunan 100 y\u0131ll\u0131k eski k\u00f6y evlerinden \u00e7\u0131kar\u0131lan ah\u015fap elemanlar kullan\u0131ld\u0131. Do\u011fal yap\u0131y\u0131 bozmayan minik patikalarla ula\u015fabildi\u011finiz her bir birim, deniz manzaras\u0131n\u0131 kucaklayan geni\u015f cam y\u00fczeyleri ile arazinin do\u011fal yap\u0131s\u0131na uygun olarak konumland\u0131r\u0131ld\u0131. Do\u011fan\u0131n g\u00fcnl\u00fck ritmini her an, her perspektifden ya\u015fayabilmenizi m\u00fcmk\u00fcn k\u0131lan yal\u0131n ve huzurlu bir ortam.<\/p>\n\n\n\n<div class=\"wp-block-columns is-layout-flex wp-container-core-columns-is-layout-9d6595d7 wp-block-columns-is-layout-flex\">\n<div class=\"wp-block-column is-layout-flow wp-block-column-is-layout-flow\">\n<figure class=\"wp-block-image size-large is-style-rounded\"><a href=\"http:\/\/ambarevleri.com.tr\/wp-content\/uploads\/2021\/08\/cevizev-zeminkat2-large.jpg\"><img loading=\"lazy\" decoding=\"async\" width=\"1024\" height=\"768\" src=\"http:\/\/ambarevleri.com.tr\/wp-content\/uploads\/2021\/08\/cevizev-zeminkat2-large-1024x768.jpg\" alt=\"\" class=\"wp-image-1639\" srcset=\"https:\/\/ambarevleri.com.tr\/wp-content\/uploads\/2021\/08\/cevizev-zeminkat2-large-1024x768.jpg 1024w, https:\/\/ambarevleri.com.tr\/wp-content\/uploads\/2021\/08\/cevizev-zeminkat2-large-300x225.jpg 300w, https:\/\/ambarevleri.com.tr\/wp-content\/uploads\/2021\/08\/cevizev-zeminkat2-large-768x576.jpg 768w, https:\/\/ambarevleri.com.tr\/wp-content\/uploads\/2021\/08\/cevizev-zeminkat2-large-1536x1152.jpg 1536w, https:\/\/ambarevleri.com.tr\/wp-content\/uploads\/2021\/08\/cevizev-zeminkat2-large-892x669.jpg 892w, https:\/\/ambarevleri.com.tr\/wp-content\/uploads\/2021\/08\/cevizev-zeminkat2-large-1350x1013.jpg 1350w, https:\/\/ambarevleri.com.tr\/wp-content\/uploads\/2021\/08\/cevizev-zeminkat2-large-600x450.jpg 600w, https:\/\/ambarevleri.com.tr\/wp-content\/uploads\/2021\/08\/cevizev-zeminkat2-large.jpg 1662w\" sizes=\"auto, (max-width: 1024px) 100vw, 1024px\" \/><\/a><\/figure>\n<\/div>\n\n\n\n<div class=\"wp-block-column is-layout-flow wp-block-column-is-layout-flow\">\n<figure class=\"wp-block-image size-large is-style-rounded\"><a href=\"http:\/\/ambarevleri.com.tr\/wp-content\/uploads\/2021\/08\/bademev-zeminkat2-large.jpg\"><img loading=\"lazy\" decoding=\"async\" width=\"1024\" height=\"768\" src=\"http:\/\/ambarevleri.com.tr\/wp-content\/uploads\/2021\/08\/bademev-zeminkat2-large-1024x768.jpg\" alt=\"\" class=\"wp-image-1640\" srcset=\"https:\/\/ambarevleri.com.tr\/wp-content\/uploads\/2021\/08\/bademev-zeminkat2-large-1024x768.jpg 1024w, https:\/\/ambarevleri.com.tr\/wp-content\/uploads\/2021\/08\/bademev-zeminkat2-large-300x225.jpg 300w, https:\/\/ambarevleri.com.tr\/wp-content\/uploads\/2021\/08\/bademev-zeminkat2-large-768x576.jpg 768w, https:\/\/ambarevleri.com.tr\/wp-content\/uploads\/2021\/08\/bademev-zeminkat2-large-1536x1152.jpg 1536w, https:\/\/ambarevleri.com.tr\/wp-content\/uploads\/2021\/08\/bademev-zeminkat2-large-892x669.jpg 892w, https:\/\/ambarevleri.com.tr\/wp-content\/uploads\/2021\/08\/bademev-zeminkat2-large-1350x1013.jpg 1350w, https:\/\/ambarevleri.com.tr\/wp-content\/uploads\/2021\/08\/bademev-zeminkat2-large-600x450.jpg 600w, https:\/\/ambarevleri.com.tr\/wp-content\/uploads\/2021\/08\/bademev-zeminkat2-large.jpg 1662w\" sizes=\"auto, (max-width: 1024px) 100vw, 1024px\" \/><\/a><\/figure>\n<\/div>\n<\/div>\n\n\n\n<p>T\u00fcm al\u0131\u015fveri\u015f, banka, restoran ve e\u011flence olanaklar\u0131na sahip Kalkan&#8217;a 10 dakikal\u0131k s\u00fcr\u00fc\u015f mesafesinde, tertemiz bir ortamda, ger\u00e7ek k\u00f6y hayat\u0131n\u0131n keyfini tadabilece\u011finiz&nbsp; Sar\u0131belen &#8220;Ambar Evleri&#8221; nden Likya B\u00f6lgesinin t\u00fcm tarihi ve do\u011fal \u00f6ren yerlerine ve havaalanlar\u0131na kolay ula\u015f\u0131m imkanlar\u0131na sahipsiniz. D\u00fcnyan\u0131n say\u0131l\u0131 y\u00fcr\u00fcy\u00fc\u015f g\u00fczergahlar\u0131ndan biri olan Likya Yolu parkurlar\u0131n\u0131 deneyebilir, ayn\u0131 zamanda zengin bir floraya&nbsp; ve muhte\u015fem deniz manzaras\u0131na sahip da\u011f yollar\u0131nda unutulmaz do\u011fa ve tarih ke\u015fif y\u00fcr\u00fcy\u00fc\u015fleri yapabilirsiniz. Bisiklet s\u00fcrebilir, k\u0131sa bir mesafede su ve su alt\u0131 sporlar\u0131n\u0131 yapma imkan\u0131 bulabilirsiniz. D\u00fcnya k\u00fclt\u00fcr miraslar\u0131 olarak tan\u0131nm\u0131\u015f Patara, Xhantos, Tlos gibi Likya antik kent merkezlerine k\u00fclt\u00fcrel geziler yapabilirsiniz.<\/p>\n\n\n\n<p>\u00a0Do\u011fayla b\u00fct\u00fcn ve ekolojik bir ya\u015fam deneyimini do\u011faya sayg\u0131 anlay\u0131\u015f\u0131 ile sunan Ambar Evleri,  do\u011fal su kaynaklar\u0131 kullan\u0131yor. <\/p>\n\n\n\n<p>&nbsp;Do\u011faya ve insan sa\u011fl\u0131\u011f\u0131na zarar vermeyen s\u00fcrd\u00fcr\u00fclebilir tar\u0131m y\u00f6ntemleriyle yeti\u015fmi\u015f a\u011fa\u00e7lar\u0131n\u0131z\u0131n dal\u0131ndan meyven\u0131z\u0131 koparabilir, bah\u00e7enizden sebzenizi&nbsp; toplayabilir,&nbsp; yan\u0131ba\u015f\u0131n\u0131zdaki \u00e7obandan taze s\u00fct\u00fcn\u00fcz\u00fc ve peynirinizi&nbsp; alabilir, organik beslenmenin keyfini en do\u011fal haliyle s\u00fcrebilirsiniz.<\/p>\n\n\n\n<figure class=\"wp-block-image size-large\"><img loading=\"lazy\" decoding=\"async\" width=\"1024\" height=\"768\" src=\"http:\/\/ambarevleri.com.tr\/wp-content\/uploads\/2021\/08\/fistik-e-049-1024x768.jpg\" alt=\"\" class=\"wp-image-1583\" srcset=\"https:\/\/ambarevleri.com.tr\/wp-content\/uploads\/2021\/08\/fistik-e-049-1024x768.jpg 1024w, https:\/\/ambarevleri.com.tr\/wp-content\/uploads\/2021\/08\/fistik-e-049-300x225.jpg 300w, https:\/\/ambarevleri.com.tr\/wp-content\/uploads\/2021\/08\/fistik-e-049-768x576.jpg 768w, https:\/\/ambarevleri.com.tr\/wp-content\/uploads\/2021\/08\/fistik-e-049-892x669.jpg 892w, https:\/\/ambarevleri.com.tr\/wp-content\/uploads\/2021\/08\/fistik-e-049-600x450.jpg 600w, https:\/\/ambarevleri.com.tr\/wp-content\/uploads\/2021\/08\/fistik-e-049.jpg 1100w\" sizes=\"auto, (max-width: 1024px) 100vw, 1024px\" \/><\/figure>\n\n\n\n<p>&#8220;Ambar Evleri&#8221; size ihtiyac\u0131n\u0131z olan her t\u00fcrl\u00fc \u00e7a\u011fda\u015f konfor olanaklar\u0131 ile hizmet veriyor. Eviniz i\u00e7in gerekli t\u00fcm e\u015fya ve ev aletleri mevcut. \u0130nternetiniz, telefonunuz ve \u00e7ok ihtiya\u00e7 olmasa da televizyonunuz hizmetinizde.\u00a0 So\u011futman\u0131z do\u011fal iklim serinli\u011fi, \u0131s\u0131nmak i\u00e7inse yerden \u0131s\u0131tma sistemi\u00a0 ile kuzine ve ocakl\u0131\u011f\u0131 kullanabiliyorsunuz. Do\u011fal kaynak suyu kullan\u0131lan havuzunuz, herg\u00fcn temizleniyor. Buzdolab\u0131, f\u0131r\u0131n, ocak, bula\u015f\u0131k makinas\u0131 ve her t\u00fcrl\u00fc mutfak ekipman\u0131 ile tamamlanm\u0131\u015f mutfa\u011f\u0131n\u0131zda\u00a0 bah\u00e7enizden toplayabilece\u011finiz ve k\u00f6y halk\u0131ndan temin edebilece\u011finiz y\u00f6resel, taze \u00fcr\u00fcnlerle keyfinizce yemekler yapabilir, ayn\u0131 zamanda verandada bulunan k\u00f6y ocakl\u0131\u011f\u0131nda odun ate\u015fi keyfiyle unutamayaca\u011f\u0131n\u0131z lezzetler haz\u0131rlayabilirsiniz.<\/p>\n\n\n\n<p>&#8220;Ambar Evleri&#8221; nde sabahlar\u0131 ku\u015f c\u0131v\u0131lt\u0131lar\u0131 ile uyan\u0131p, \u00f6\u011flen ke\u00e7ilerin \u00e7\u0131ng\u0131rak sesi ile huzur bulup, ak\u015fam g\u00fcnbat\u0131mlar\u0131nda denizin \u00fczerinden batan g\u00fcne\u015fin ebruli renklerinin tad\u0131n\u0131 \u00e7\u0131karabilirsiniz. Gecenin huzur dolu sessizli\u011finde binlerce y\u0131ld\u0131z\u0131n ayd\u0131nlatt\u0131\u011f\u0131 g\u00f6ky\u00fcz\u00fcn\u00fcn alt\u0131nda ailenizle,&nbsp; dostlar\u0131n\u0131zla unutulmaz an\u0131lar edinebilirsiniz. Akdeniz&#8217;in dinginli\u011fine, bahar \u00e7i\u00e7eklerinin kokusuna, serin meltemlere ve Likya tarihinin izlerine davet ediyor sizi &#8220;Ambar Evleri&#8221;<\/p>\n\n\n\n<p><strong>\u015eEMSA \u00d6ZCAN Mimar (O.D.T.\u00dc.)<\/strong><\/p>\n\n\n\n<p><strong>SERDAR \u00d6ZCAN Mimar (\u0130.T.\u00dc.)<\/strong><\/p>\n<\/div><\/div><\/div><\/div><\/div>\n<\/div>\n<\/div>\n\n\n\n<div style=\"height:56px\" aria-hidden=\"true\" class=\"wp-block-spacer\"><\/div>\n\n\n\n<hr class=\"wp-block-separator has-css-opacity is-style-wide\"\/>\n\n\n\n<div class=\"wp-block-getwid-advanced-heading\" style=\"margin-bottom:5px\"><h2 class=\"wp-block-getwid-advanced-heading__content\" style=\"text-align:center\">Ambar Evleri<\/h2><\/div>\n\n\n\n<div class=\"wp-block-columns has-4-columns is-layout-flex wp-container-core-columns-is-layout-9d6595d7 wp-block-columns-is-layout-flex\">\n<div class=\"wp-block-column is-layout-flow wp-block-column-is-layout-flow\"><div class=\"mphb_sc_rooms-wrapper mphb-room-types is-style-minimalistic\">    <div class=\"loop-rooms-wrapper\">\r\n\t\r\n<div class=\"mphb-room-type post-24 mphb_room_type type-mphb_room_type status-publish has-post-thumbnail mphb_room_type_facility-wi-fi mphb-room-type-adults-2 mphb-room-type-children-2\">\r\n\r\n\t\r\n    <div class=\"loop-room-wrapper\">\r\n\t\t            <div class=\"loop-room-images-wrapper\">\r\n\t\t\t\t\r\n\r\n\t<p class=\"post-thumbnail mphb-loop-room-thumbnail\">\r\n\t<a href=\"https:\/\/ambarevleri.com.tr\/?mphb_room_type=ceviz-ev\">\r\n\t<img loading=\"lazy\" decoding=\"async\" width=\"892\" height=\"892\" src=\"https:\/\/ambarevleri.com.tr\/wp-content\/uploads\/2021\/08\/ceviz-ev-892x892.jpg\" class=\"attachment-booklium-square size-booklium-square wp-post-image\" alt=\"\" srcset=\"https:\/\/ambarevleri.com.tr\/wp-content\/uploads\/2021\/08\/ceviz-ev-892x892.jpg 892w, https:\/\/ambarevleri.com.tr\/wp-content\/uploads\/2021\/08\/ceviz-ev-300x300.jpg 300w, https:\/\/ambarevleri.com.tr\/wp-content\/uploads\/2021\/08\/ceviz-ev-1024x1024.jpg 1024w, https:\/\/ambarevleri.com.tr\/wp-content\/uploads\/2021\/08\/ceviz-ev-150x150.jpg 150w, https:\/\/ambarevleri.com.tr\/wp-content\/uploads\/2021\/08\/ceviz-ev-768x768.jpg 768w, https:\/\/ambarevleri.com.tr\/wp-content\/uploads\/2021\/08\/ceviz-ev-600x600.jpg 600w, https:\/\/ambarevleri.com.tr\/wp-content\/uploads\/2021\/08\/ceviz-ev-100x100.jpg 100w, https:\/\/ambarevleri.com.tr\/wp-content\/uploads\/2021\/08\/ceviz-ev.jpg 1100w\" sizes=\"auto, (max-width: 892px) 100vw, 892px\" \/>\t<\/a>\r\n\r\n\t<\/p>\r\n            <\/div>\r\n\t\t\t            <div class=\"loop-room-info-wrapper\">\r\n\t\t\t\t\r\n<h2 class=\"mphb-room-type-title entry-title\">\r\n\r\n<a class=\"mphb-room-type-title\" href=\"https:\/\/ambarevleri.com.tr\/?mphb_room_type=ceviz-ev\">Ceviz Ev<\/a>\r\n\r\n<\/h2>            <\/div>\r\n\t\t            <div class=\"loop-room-book-wrapper\">\r\n\t\t\t\t\r\n\r\n\t<p class=\"mphb-regular-price\"><strong>\u00dccretten itibaren:<\/strong>\r\n\t<span class=\"mphb-price\">50,000<span class=\"mphb-currency\">&#8378;<\/span><\/span> <span class=\"mphb-price-period\" title=\"\u0130lgili fiyatlar\u0131 g\u00f6rmek i\u00e7in tarih se\u00e7iniz\">5 gece<\/span>\r\n\t<\/p>\r\n\r\n<div class=\"mphb-to-book-btn-wrapper\">\r\n<form action=\"https:\/\/ambarevleri.com.tr\/?mphb_room_type=ceviz-ev#booking-form-24\" method=\"get\" ><input type=\"hidden\" name=\"mphb_room_type\" value=\"ceviz-ev\" \/><button type=\"submit\" class=\"button mphb-book-button\" >Rezerve Edin<\/button><\/form>\r\n<br\/><\/div>            <\/div>\r\n\t\t\r\n    <\/div>\r\n\t\r\n<\/div>\r\n\r\n\r\n<div class=\"mphb-room-type post-1461 mphb_room_type type-mphb_room_type status-publish has-post-thumbnail mphb_room_type_facility-wi-fi mphb-room-type-adults-4 mphb-room-type-children-2\">\r\n\r\n\t\r\n    <div class=\"loop-room-wrapper\">\r\n\t\t            <div class=\"loop-room-images-wrapper\">\r\n\t\t\t\t\r\n\r\n\t<p class=\"post-thumbnail mphb-loop-room-thumbnail\">\r\n\t<a href=\"https:\/\/ambarevleri.com.tr\/?mphb_room_type=badem-ev\">\r\n\t<img loading=\"lazy\" decoding=\"async\" width=\"892\" height=\"892\" src=\"https:\/\/ambarevleri.com.tr\/wp-content\/uploads\/2021\/08\/badem-ev-892x892.jpg\" class=\"attachment-booklium-square size-booklium-square wp-post-image\" alt=\"\" srcset=\"https:\/\/ambarevleri.com.tr\/wp-content\/uploads\/2021\/08\/badem-ev-892x892.jpg 892w, https:\/\/ambarevleri.com.tr\/wp-content\/uploads\/2021\/08\/badem-ev-300x300.jpg 300w, https:\/\/ambarevleri.com.tr\/wp-content\/uploads\/2021\/08\/badem-ev-1024x1024.jpg 1024w, https:\/\/ambarevleri.com.tr\/wp-content\/uploads\/2021\/08\/badem-ev-150x150.jpg 150w, https:\/\/ambarevleri.com.tr\/wp-content\/uploads\/2021\/08\/badem-ev-768x768.jpg 768w, https:\/\/ambarevleri.com.tr\/wp-content\/uploads\/2021\/08\/badem-ev-600x600.jpg 600w, https:\/\/ambarevleri.com.tr\/wp-content\/uploads\/2021\/08\/badem-ev-100x100.jpg 100w, https:\/\/ambarevleri.com.tr\/wp-content\/uploads\/2021\/08\/badem-ev.jpg 1100w\" sizes=\"auto, (max-width: 892px) 100vw, 892px\" \/>\t<\/a>\r\n\r\n\t<\/p>\r\n            <\/div>\r\n\t\t\t            <div class=\"loop-room-info-wrapper\">\r\n\t\t\t\t\r\n<h2 class=\"mphb-room-type-title entry-title\">\r\n\r\n<a class=\"mphb-room-type-title\" href=\"https:\/\/ambarevleri.com.tr\/?mphb_room_type=badem-ev\">Badem Ev<\/a>\r\n\r\n<\/h2>            <\/div>\r\n\t\t            <div class=\"loop-room-book-wrapper\">\r\n\t\t\t\t\r\n\r\n\t<p class=\"mphb-regular-price\"><strong>\u00dccretten itibaren:<\/strong>\r\n\t<span class=\"mphb-price\">60,000<span class=\"mphb-currency\">&#8378;<\/span><\/span> <span class=\"mphb-price-period\" title=\"\u0130lgili fiyatlar\u0131 g\u00f6rmek i\u00e7in tarih se\u00e7iniz\">5 gece<\/span>\r\n\t<\/p>\r\n\r\n<div class=\"mphb-to-book-btn-wrapper\">\r\n<form action=\"https:\/\/ambarevleri.com.tr\/?mphb_room_type=badem-ev#booking-form-1461\" method=\"get\" ><input type=\"hidden\" name=\"mphb_room_type\" value=\"badem-ev\" \/><button type=\"submit\" class=\"button mphb-book-button\" >Rezerve Edin<\/button><\/form>\r\n<br\/><\/div>            <\/div>\r\n\t\t\r\n    <\/div>\r\n\t\r\n<\/div>\r\n\r\n\r\n<div class=\"mphb-room-type post-1565 mphb_room_type type-mphb_room_type status-publish has-post-thumbnail mphb_room_type_facility-wi-fi mphb-room-type-adults-4 mphb-room-type-children-2\">\r\n\r\n\t\r\n    <div class=\"loop-room-wrapper\">\r\n\t\t            <div class=\"loop-room-images-wrapper\">\r\n\t\t\t\t\r\n\r\n\t<p class=\"post-thumbnail mphb-loop-room-thumbnail\">\r\n\t<a href=\"https:\/\/ambarevleri.com.tr\/?mphb_room_type=fistik-ev\">\r\n\t<img loading=\"lazy\" decoding=\"async\" width=\"892\" height=\"892\" src=\"https:\/\/ambarevleri.com.tr\/wp-content\/uploads\/2021\/08\/fistik-ev-892x892.jpg\" class=\"attachment-booklium-square size-booklium-square wp-post-image\" alt=\"\" srcset=\"https:\/\/ambarevleri.com.tr\/wp-content\/uploads\/2021\/08\/fistik-ev-892x892.jpg 892w, https:\/\/ambarevleri.com.tr\/wp-content\/uploads\/2021\/08\/fistik-ev-300x300.jpg 300w, https:\/\/ambarevleri.com.tr\/wp-content\/uploads\/2021\/08\/fistik-ev-150x150.jpg 150w, https:\/\/ambarevleri.com.tr\/wp-content\/uploads\/2021\/08\/fistik-ev-768x768.jpg 768w, https:\/\/ambarevleri.com.tr\/wp-content\/uploads\/2021\/08\/fistik-ev-600x600.jpg 600w, https:\/\/ambarevleri.com.tr\/wp-content\/uploads\/2021\/08\/fistik-ev-100x100.jpg 100w, https:\/\/ambarevleri.com.tr\/wp-content\/uploads\/2021\/08\/fistik-ev.jpg 915w\" sizes=\"auto, (max-width: 892px) 100vw, 892px\" \/>\t<\/a>\r\n\r\n\t<\/p>\r\n            <\/div>\r\n\t\t\t            <div class=\"loop-room-info-wrapper\">\r\n\t\t\t\t\r\n<h2 class=\"mphb-room-type-title entry-title\">\r\n\r\n<a class=\"mphb-room-type-title\" href=\"https:\/\/ambarevleri.com.tr\/?mphb_room_type=fistik-ev\">F\u0131st\u0131k Ev<\/a>\r\n\r\n<\/h2>            <\/div>\r\n\t\t            <div class=\"loop-room-book-wrapper\">\r\n\t\t\t\t\r\n\r\n\t<p class=\"mphb-regular-price\"><strong>\u00dccretten itibaren:<\/strong>\r\n\t<span class=\"mphb-price\">60,000<span class=\"mphb-currency\">&#8378;<\/span><\/span> <span class=\"mphb-price-period\" title=\"\u0130lgili fiyatlar\u0131 g\u00f6rmek i\u00e7in tarih se\u00e7iniz\">5 gece<\/span>\r\n\t<\/p>\r\n\r\n<div class=\"mphb-to-book-btn-wrapper\">\r\n<form action=\"https:\/\/ambarevleri.com.tr\/?mphb_room_type=fistik-ev#booking-form-1565\" method=\"get\" ><input type=\"hidden\" name=\"mphb_room_type\" value=\"fistik-ev\" \/><button type=\"submit\" class=\"button mphb-book-button\" >Rezerve Edin<\/button><\/form>\r\n<br\/><\/div>            <\/div>\r\n\t\t\r\n    <\/div>\r\n\t\r\n<\/div>\r\n\r\n    <\/div>\r\n\t<\/div><\/div>\n<\/div>\n","protected":false},"excerpt":{"rendered":"<p>K\u00fclt\u00fcr ve Turizm Bakanl\u0131\u011f\u0131 taraf\u0131ndan koruma alt\u0131na al\u0131nm\u0131\u015f olan 350 y\u0131ll\u0131k tarihe sahip geleneksel Ambar yap\u0131lar\u0131&#8230;<\/p>\n","protected":false},"author":1,"featured_media":0,"parent":0,"menu_order":0,"comment_status":"closed","ping_status":"closed","template":"template-wide-page.php","meta":{"om_disable_all_campaigns":false,"inline_featured_image":false,"_monsterinsights_skip_tracking":false,"_monsterinsights_sitenote_active":false,"_monsterinsights_sitenote_note":"","_monsterinsights_sitenote_category":0,"spay_email":"","footnotes":""},"class_list":["post-274","page","type-page","status-publish","hentry"],"aioseo_notices":[],"_links":{"self":[{"href":"https:\/\/ambarevleri.com.tr\/index.php?rest_route=\/wp\/v2\/pages\/274","targetHints":{"allow":["GET"]}}],"collection":[{"href":"https:\/\/ambarevleri.com.tr\/index.php?rest_route=\/wp\/v2\/pages"}],"about":[{"href":"https:\/\/ambarevleri.com.tr\/index.php?rest_route=\/wp\/v2\/types\/page"}],"author":[{"embeddable":true,"href":"https:\/\/ambarevleri.com.tr\/index.php?rest_route=\/wp\/v2\/users\/1"}],"replies":[{"embeddable":true,"href":"https:\/\/ambarevleri.com.tr\/index.php?rest_route=%2Fwp%2Fv2%2Fcomments&post=274"}],"version-history":[{"count":10,"href":"https:\/\/ambarevleri.com.tr\/index.php?rest_route=\/wp\/v2\/pages\/274\/revisions"}],"predecessor-version":[{"id":3045,"href":"https:\/\/ambarevleri.com.tr\/index.php?rest_route=\/wp\/v2\/pages\/274\/revisions\/3045"}],"wp:attachment":[{"href":"https:\/\/ambarevleri.com.tr\/index.php?rest_route=%2Fwp%2Fv2%2Fmedia&parent=274"}],"curies":[{"name":"wp","href":"https:\/\/api.w.org\/{rel}","templated":true}]}}